3*r**3 - 12*r**2 + 5*r - 3. What is the tens digit of x(8)?
0
Suppose 34771 = 33*p - 29249. What is the thousands digit of p?
1
Suppose -18*m = 1038 - 12144. What is the units digit of m?
7
Suppose 10*q + 64 = 14*q. Let t(f) = 5*f**2 - q*f**2 - 8*f + 24 - f**3 - f. What is the units digit of t(-10)?
4
Let a(q) = 62*q**2 - 1. Let i(x) = -x**2 - 4*x - 3. Let d be i(-2). What is the tens digit of a(d)?
6
Suppose -2*d + 8 + 12 = 0. Suppose 0 = -d*i + 4*i + 30. Suppose 3*y - 45 = -i*o, -5*o + 3 + 2 = -y. What is the tens digit of y?
1
Suppose -3*l + 8767 = 2*u, -4*l - 14*u + 11*u + 11691 = 0. What is the tens digit of l?
1
Let o(h) = -3*h**3 - 3*h**2 - 7*h - 35. What is the hundreds digit of o(-5)?
3
Let f be -1*6/(6/7). Let c = 95 - f. What is the hundreds digit of c?
1
Let l(w) = -w + 59. Let d(f) = 3*f - 177. Let o(y) = 2*d(y) + 7*l(y). Let k be o(0). Let b = 82 - k. What is the tens digit of b?
2
Let b(m) = -m**3 - 3*m**2 - 4*m - 8. Let k be 5/(-15) + (-66)/(-9). Suppose 2*z = -k - 1. What is the units digit of b(z)?
4
Let c = 512 - -1603. What is the tens digit of c?
1
Let s(m) be the second derivative of -m**4/12 - 11*m**3/6 + 5*m**2/2 + 7*m. Let r be 22/(3/(-6)*4). What is the units digit of s(r)?
5
Let b(u) = u**2 - 6*u - 5. Let r be 38/2 + 0/2. Let s = r + -10. What is the tens digit of b(s)?
2
Let g(y) = 2*y**2 - 12*y + 23. Let w be g(5). Suppose w*s = 8*s + 75. What is the tens digit of s?
1
Let p = -153 - -155. Suppose -2*b = p*a - 12, 2*a + 2*a - 4 = 0. What is the units digit of b?
5
Let f = 703 + -218. What is the units digit of f?
5
Let d = 2574 + 170. What is the hundreds digit of d?
7
Let v be (-2 + 2)/(-2) + 7. Suppose 5*d - 14 = -4*f, -4*f + 2*d + 2*d = 4. Suppose 3*w + f = v. What is the units digit of w?
2
Suppose 5*n = -c + 1635, 5*c = n - 2*n + 8271. What is the units digit of c?
5
Let v(j) = -j**2. Let t(r) = -36*r**2 + 7*r + 7. Let a(l) = -t(l) - 2*v(l). What is the units digit of a(-2)?
9
Suppose -372 = -l + 256. What is the tens digit of l?
2
Suppose 9*b - 800 = 4*b + 3*t, -800 = -5*b - 3*t. What is the units digit of b?
0
Let i(z) = 8*z - 3. Let x be i(2). Let n(q) = q - q + 19 - x*q**3 - 20. What is the units digit of n(-1)?
2
Let i = -58 - -58. Suppose i = -20*h + 14*h + 660. What is the hundreds digit of h?
1
Let a = 306 + -287. What is the units digit of a?
9
Suppose 0 = -6*z - 38 - 52. Let p be 2154/z + (-4)/10. Let d = -76 - p. What is the tens digit of d?
6
What is the tens digit of (55/25 + -3)/(4/(-3050))?
1
Suppose -4*a - a + 35 = 0. Suppose w + 5*d = -33, 3*w = 3*d - a - 110. Let n = 109 + w. What is the units digit of n?
1
Let u(p) = -5*p**3 - 2*p**2 - 2*p - 1. Let i be u(-1). Suppose i*x = 4*m + 92, -m + 0*m - 65 = -3*x. What is the tens digit of x?
2
Suppose 7*j - 1536 = 5*j. Suppose 10*h - 2*h = j. What is the tens digit of h?
9
Let w be (-7)/14*(-1 - -7). Let a(i) = i**2 + i - 4. Let l be a(w). Let u(n) = 3*n**3 + n**2 + 3*n. What is the tens digit of u(l)?
3
Let w(b) = 3*b + 20. Let o be w(-6). Suppose -142 = -2*d - 6*h + o*h, -3*d = -3*h - 204. Let r = 110 - d. What is the tens digit of r?
4
Let j be -2 + 3 + 3 + -6 - 21. Let p = 23 - -10. Let c = p + j. What is the units digit of c?
0
Let c = -14 + 14. Suppose c = -2*m + 1 + 9. Let b(n) = 4*n - 7. What is the tens digit of b(m)?
1
Suppose 0*k - 534 = 3*k. Let m = 5 - k. What is the tens digit of m?
8
Suppose -i - 2 = -0*i, -5*r + 5*i = -5150. What is the hundreds digit of r?
0
Suppose 0 = -3*l + 14 + 25. Let c = l - -6. Let u = -9 + c. What is the units digit of u?
0
What is the units digit of ((-1)/(-2))/(15 - (-238763)/(-15918))?
7
Suppose -5*z - 15 = 5*y, -5*z - 4*y - 12 + 2 = 0. Suppose -z*u - 2 = -8, -5*o + 272 = 4*u. What is the units digit of o?
2
Suppose -822 = -3*f + 207. Suppose 0 = 3*d - n - f, -5*d + n - 115 + 686 = 0. What is the tens digit of d?
1
Suppose 4*t + 17 = -3*s + 4*s, 2*t - 5 = 5*s. Let z(h) = 1 - 27*h**2 + 17*h**2 + 12*h**2. What is the tens digit of z(s)?
1
Suppose -1017 = k - 3474. What is the tens digit of k?
5
Suppose -3*z + 4*t = 130, 3*z + 2*z + 2*t + 208 = 0. What is the tens digit of (3 + -4 - 0)*z?
4
Suppose -27 = 5*x - d - 3*d, -5*x + 2*d = 21. Let u be (1/x)/(2/(-42)). What is the units digit of u/35 - (-39)/5?
8
Let g(x) = 0*x**3 + 7*x**3 + 3 + 6*x - 4*x**2 - 2*x**2. What is the hundreds digit of g(3)?
1
Suppose 0 = 2*z - 5 - 1. Suppose -4*g + m + 37 = 0, -z*m - 2*m = 5. Suppose -w + 2 + g = 0. What is the tens digit of w?
1
What is the hundreds digit of -1 + -3 + 1 - (37 - 340)?
3
Let y = -39 - -13. Let q = 43 + y. Let p = q - -34. What is the tens digit of p?
5
Let p(r) = r**2 + 4*r. Let g be p(-5). Suppose 3 = 4*d - x + 2, -5*d + 5 = -g*x. Suppose -5*y = d, -y - y = 2*c - 30. What is the units digit of c?
5
Let p(h) = -3*h**2 - 14*h + 11. Let k(j) = -4*j**2 - 15*j + 11. Let u(c) = -4*k(c) + 5*p(c). Let a be u(9). What is the units digit of (-10)/a*(-14 - -7)?
5
Suppose 3*l + 4998 = 4*r, -2448 = -3*r + 3*l + 1302. What is the units digit of r?
8
Suppose -2*f + 12 = 3*r - r, -5*r = 0. Suppose 4*s = 0, 70 = 5*n - 2*s - 15. Suppose 0 = -x + f + n. What is the units digit of x?
3
Let j(f) = f**2 + f + 216. Let o be j(0). Suppose -o = -3*d + 75. What is the units digit of d?
7
Let x = 920 + -238. What is the tens digit of x?
8
Let o(w) = -2*w + 5. Let h be o(-6). Let l = h - -49. What is the units digit of l?
6
Let p(m) = m**2 - 2*m - 6. Let k be p(-5). Let r = -24 + k. Suppose r*v + 4*y = y + 135, 5*v - 135 = -y. What is the units digit of v?
7
Let m(d) = d**2 - 17*d - 14. Let u be m(18). Suppose -b = u*b - 380. What is the tens digit of b?
7
Suppose 0 = 8*l - 3*l + 25. Let v = l + 9. Suppose -83 = -v*r - 15. What is the units digit of r?
7
What is the tens digit of (-19 - -53)*1/2?
1
Let m(k) = k + 13. Let h be m(-4). Suppose -h - 13 = -2*i. What is the tens digit of i?
1
Let y = -18 + 22. Suppose 4*q = 6*q + y. What is the units digit of (11 - 9) + (-48)/q?
6
Let l(a) = -25*a. Let s(h) = 12*h + 1. Let k(p) = -4*l(p) - 7*s(p). Let u be 1/4 - (-33)/12. What is the tens digit of k(u)?
4
Let j(c) = c**3 - 6*c**2 + 7*c + 1. Let y be 0*3*(-2)/(-12). Suppose -3*p - m + 12 = y, 4*p - 2*m = m + 29. What is the units digit of j(p)?
1
Let w be 1 + 6 - 3*1. Suppose -24 = o - w*o. Suppose 4*d - 2*p = 8, -4*d = -0*d + 3*p - o. What is the units digit of d?
2
Suppose 1 = 2*d - 7. Suppose d*y - 52 = -20. Let w = 32 - y. What is the units digit of w?
4
Let c(w) = 4*w**2 - 4*w - 3. Let f be c(6). Let k = 201 - f. What is the tens digit of k?
8
Let b = 45 + -45. Suppose b = -0*y - 4*y + 420. What is the tens digit of y?
0
Suppose -4*z - 20 = -0*z. What is the tens digit of 68 + z/10*6?
6
Suppose -8*m + 1174 = -3538. What is the units digit of m?
9
Let l = 46 + -46. Suppose l = -2*q - 0*q + 14. What is the units digit of q?
7
Suppose -3*n + n = -5*m + 15, 0 = 5*m + n - 30. Let c = m - 4. What is the tens digit of (-1)/(c/(3 + -27))?
2
Let h = 1533 - 1022. What is the units digit of h?
1
Let i be (-3)/(12/40)*-2. Suppose i = 4*b, -4*m - 27 = -m + 3*b. Let o = 22 + m. What is the units digit of o?
8
Suppose -4*z + u + 143 = 0, -4*u + 168 = -2*z + 6*z. What is the tens digit of z?
3
Suppose 2*z + 1210 = f, 0*f - 4*z + 4804 = 4*f. What is the thousands digit of f?
1
Suppose 3*d - r = d + 10, -2*d - 5*r + 34 = 0. Suppose o - 1312 = -d*o. What is the units digit of o?
4
Suppose -2*w + 2 + 6 = 4*n, -5*n = -w - 17. Suppose 4*d + 0*d - n*f = -7, 2*f - 14 = -2*d. Let q(j) = 7*j + 4. What is the tens digit of q(d)?
1
Let q be (72/(-126))/((-2)/7). What is the tens digit of 75 + ((-4)/q)/(-1)?
7
Let o be (-12)/(-9)*(-48)/(-2). Let y be 3*(o/6 - 0). Let c(b) = -b**3 + 17*b**2 - 15*b + 17. What is the units digit of c(y)?
3
Let h(n) = n**2 + 3*n + 1. Let p = 37 + -22. Suppose 0 = -0*d + 5*d + p. What is the units digit of h(d)?
1
Let w(k) = -9*k - 23. Let q(r) = -r + 1. Let x(d) = 6*q(d) + w(d). Let l be x(-6). Let s = l + -24. What is the units digit of s?
9
Let g be 1*211 + 4 + 8/(-8). What is the tens digit of (4/(-24) + (-14)/(-12))*g?
1
Suppose -3*g + p = -3*p - 436, 5*p = 25. Suppose 9*z + g = 11*z. What is the tens digit of z?
7
What is the thousands digit of 18/15*(-30225)/(-26)?
1
Let q(y) = 279*y**2 + 4*y - 8. What is the units digit